vided by 4?
2
Suppose 0 = -4*z - 3*y + 67 + 3, 3*y = z - 25. Let w = -58 + 95. What is the remainder when w is divided by z?
18
Suppose -v - w = -15, -w = 1 + 1. Let t be 2 + -3 + 0 + 1. Suppose 0 = -t*z - z + 33. Calculate the remainder when z is divided by v.
16
Let w(n) = n**2 + 3*n - 2. What is the remainder when 126 is divided by w(3)?
14
Let q(v) = -v + 2. Let j = 6 - 5. Calculate the remainder when q(0) is divided by j.
0
Let o = 87 + -33. What is the remainder when o is divided by 5?
4
Let r(s) = s**3 + 11*s**2 - 4. Calculate the remainder when r(-6) is divided by 36.
32
Let m = 8 - 5. Calculate the remainder when 12 is divided by m.
0
Let k = -1 + 4. Suppose k*y - p = -2*y + 85, -2*y = p - 34. What is the remainder when 47 is divided by y?
13
Let b(a) = -a**2 + 16*a + 19. Calculate the remainder when b(14) is divided by 10.
7
What is the remainder when (4 - (-26)/(-6)) + 158/6 is divided by 7?
5
Suppose -3*f + 92 = k, f + 5*k = 4*f - 98. Let i(t) = t + 7. Let m be i(-3). Let w(y) = 2*y. What is the remainder when f is divided by w(m)?
7
Suppose -64 = -13*r + 9*r. Calculate the remainder when r is divided by 5.
1
Suppose -4*a - 53 - 23 = 4*t, -61 = 4*a - t. Let q = a - -56. Calculate the remainder when q is divided by (-2)/(-3)*(22 + -1).
12
Let f(i) = -i**3 + 5*i**2 + 6*i + 4. What is the remainder when 18 is divided by f(6)?
2
Let n(q) = -3*q**3 + 3*q**2 - 1. Suppose 0 = -2*y - 1 + 13. Suppose -2*b + y + 18 = 0. Calculate the remainder when n(-2) is divided by b.
11
Let p be -1 + 7 + (-2)/(-2). Suppose -o - p = -2*o. Suppose -5*t - 28 = 3*u - 4*u, 0 = -5*u + 5*t + 40. Calculate the remainder when o is divided by u.
1
What is the remainder when (1 - 0) + 5 + 65 is divided by 12?
11
Suppose 2*l = 20 + 22. Suppose l = -2*k + 185. Suppose 4*w - 100 = -4*g, -5*w + 2*g + k = -w. Calculate the remainder when w is divided by 12.
10
Let c = -41 - -60. Calculate the remainder when 35 is divided by c.
16
Let f(s) = -5*s + 5. Let w be f(6). Let n be (24/5)/((-2)/w). Suppose -r = 2*g - 31, -3*r = -0*g - 5*g - n. What is the remainder when r is divided by 9?
7
Suppose -a - 1 - 5 = 0. Let t = a - -15. Calculate the remainder when t is divided by 6.
3
Let m = 28 - 19. Suppose 4*q + 2*o + 8 - 26 = 0, m = q + 2*o. Suppose q*f + 8 + 0 = -5*n, -5*f + 24 = -n. Calculate the remainder when 7 is divided by f.
3
Let m be 62 - (-4 - (-3 - -1)). Suppose 3*h - 89 = -2*i, -3*i = -4*h - m - 27. Calculate the remainder when i is divided by 13.
11
Let n be (-9)/(-6) - (-195)/6. Suppose 5 + n = 3*q. What is the remainder when q is divided by 4?
1
Let k = -6 + 21. Suppose 4*n + h = 50, 5*h + k + 21 = 2*n. Suppose 0*a - a + 2*l = -46, 2*a - 97 = 5*l. Calculate the remainder when a is divided by n.
10
Suppose -2*i - 3 = 5. Suppose 4*v = -5*z + 199, z = -2*z - 5*v + 122. Let a = i + z. Calculate the remainder when a is divided by 18.
17
Suppose 0 = -5*j + 41 - 16. Suppose -3*z + 44 = y, -y = z - j*y - 32. Calculate the remainder when 47 is divided by z.
15
Suppose 4*k - 7 - 1 = 0. Suppose 0 = -k*l - 0*l + 28. Calculate the remainder when (-18)/(-4)*(12 - 11)*12 is divided by l.
12
Let w(d) = 3*d**2 + 2*d - 7. Calculate the remainder when w(5) is divided by ((-1 + -1)/(-2))/(1/20).
18
Let o(v) = -14*v - 1. Let w(r) = 2 + 4*r - r - 5*r**2 + r**3 - 3*r**3. What is the remainder when w(-4) is divided by o(-1)?
12
Let h = 140 + -9. Suppose 4*z - l - h = 0, z + 4 = 4*l + 48. Calculate the remainder when z is divided by 11.
10
Let g be (-1)/(-2) - (-15)/2. Let r = -5 + 3. Let i = g + r. What is the remainder when 11 is divided by i?
5
Let v = -76 + 81. Let g = -15 + 23. Calculate the remainder when g is divided by v.
3
Suppose 0*c + 1 = n - c, n + c - 9 = 0. Let v = 8 - -1. What is the remainder when v is divided by n?
4
Suppose -m + 5 - 52 = 0. Let z = 68 + m. What is the remainder when z is divided by 8?
5
Let j be 0/(-2 + 0)*1. Suppose -2*r - 7 + 29 = j. What is the remainder when 1 + 1 + 19 + 0 is divided by r?
10
Suppose -5*x = -0*x - 90. Calculate the remainder when 71 is divided by x.
17
Let k = -22 - -40. Suppose -4 = 2*f, 0 = 4*v + 6*f - f + k. Calculate the remainder when 27 is divided by (7 + -8)/(v/14).
6
Let j(k) = -2*k - 3. Let c be 5 - 4/6*3. Suppose -4*a = -39 + c. Calculate the remainder when a is divided by j(-4).
4
What is the remainder when 52 is divided by (3 - -5)/(-4)*-9?
16
Let h(v) = v**3 + 10*v**2 + 7*v + 1. Calculate the remainder when h(-9) is divided by 5.
4
Let c(d) = d**2 + 5*d + 4. Let w = 64 - 35. What is the remainder when w is divided by c(-6)?
9
Calculate the remainder when (27/1)/(-7 - -8) is divided by (30/(-8))/((-2)/8).
12
Let t(c) = -c**3 - c. Let i be t(-2). Let p(s) = -s**2 - s + 5. Let g be p(0). Suppose g*z + i = 30. What is the remainder when 7 is divided by z?
3
Let g = 8 - 3. Let q = -5 + 8. Calculate the remainder when (-18)/3*(-4)/q is divided by g.
3
Suppose 0 = 4*k + 3*b - 269, -2*k - 19 = 5*b - 136. What is the remainder when k is divided by 19?
14
Suppose 0 = 3*t - a - 9, 2*t - a - 11 = -2*t. What is the remainder when (4 - t)/(-4)*-46 is divided by -1 - 0 - 0 - -9?
7
Let r be -2 - (5 + 0 + -2). What is the remainder when (-2)/r - (-452)/20 is divided by 6?
5
Let a(s) = s**3 - 5*s**2 + s - 8. Suppose 2*z - t - 19 - 2 = 0, 4*z + 2*t - 54 = 0. What is the remainder when a(6) is divided by z?
10
Suppose 0 = -13*l + 5*l + 176. What is the remainder when 63 is divided by l?
19
Suppose 4 = 4*j - 12. Let k = -8 - -17. Let s = k + -6. Calculate the remainder when j is divided by s.
1
Let m = -61 - -72. What is the remainder when 29 is divided by m?
7
Suppose 0 = p - 5*p + 24. Let w be (-160)/(-72) - 2/9. Suppose -a = -z + 11, -3*a + 44 = 4*z - w*a. Calculate the remainder when z is divided by p.
5
Suppose -4*s + 2*v = 60, -4*s = 4*v - 0*v + 84. Calculate the remainder when s/(3 + (-7)/2) is divided by 12.
10
Let x(q) = q**2 - 2*q + 6. What is the remainder when 116 is divided by x(6)?
26
Suppose f - 2*l - 32 = -4*f, 4*l - 26 = -5*f. Suppose g + w + w - f = 0, -w = 4. What is the remainder when 41 is divided by g?
13
Suppose 5*w = w. Suppose f - 4*f + 24 = w. Let r(t) = -t**2 - 11*t - 7. What is the remainder when r(-5) is divided by f?
7
Suppose -5*y + 197 - 2 = 0. Calculate the remainder when y is divided by 20.
19
Let u be (-8)/(-12) + (-2)/3. Suppose -y = -2 - u. Let d(g) = -3*g - 4. Calculate the remainder when d(-3) is divided by y.
1
Let h(a) = -a**3 + 13*a**2 - 10*a - 12. Calculate the remainder when 93 is divided by h(12).
9
Let s(z) = z + 8. What is the remainder when 38 + 2*(3 + -2) is divided by s(6)?
12
Let m be (-1*1/1)/(-1). Let w = m + 9. What is the remainder when (0 + -6)*3*-1 is divided by w?
8
Let x(o) = -o + 63. What is the remainder when x(21) is divided by 11?
9
Let u(d) = 3*d. Calculate the remainder when u(5) is divided by (-8)/(-4) + 12/2.
7
Calculate the remainder when 84 is divided by ((-3)/6 - 1)/(6/(-88)).
18
Let j be (-3 - -8)*1 - 2. What is the remainder when 20 is divided by 7 + 3 - (2 - j)?
9
Let w(a) = a**3 - 5*a**2 - 6*a + 2. Let r be w(6). Suppose -5*c = -r*t - 78, -3*c - 2*c - 3*t + 58 = 0. Calculate the remainder when c is divided by 8.
6
Calculate the remainder when (-4)/(-10) - (-106)/10 is divided by ((-15)/10)/(5/(-10)).
2
Let b(u) = -u**2 + 10*u + 6. What is the remainder when b(6) is divided by (9/(-6))/((-6)/32)?
6
Let p be ((-6)/(-4))/(6/(-60)). Let h(l) = l + 1. Let q be h(-4). What is the remainder when (-565)/p + (-1)/q is divided by 13?
12
Suppose z - 12 = 2. Let o be ((-45)/(-30))/((-1)/10). Let m = o + 20. Calculate the remainder when z is divided by m.
4
Let p(i) = -12*i. Calculate the remainder when 45 is divided by p(-1).
9
Let z(t) = t**2 + 7*t - 9. Calculate the remainder when 203 is divided by z(5).
50
Suppose 69 = 2*p - 13. What is the remainder when p is divided by (1/1)/((-6)/(-84))?
13
Suppose 2*z = 20 + 44. What is the remainder when 62 is divided by z?
30
Suppose 5*l - 5*m = -40, 3*l + 5*m = 5 + 11. Calculate the remainder when 15 is divided by 2/l*(-243)/18.
6
Suppose 0 = -2*w - 13 + 79. Let z = -16 + w. Suppose -l + 3 = -3. What is the remainder when z is divided by l?
5
What is the remainder when 27 is divided by (-252)/(-48)*4/3?
6
Calculate the remainder whe